4?
-c2
In base 3, what is -101 - 1000?
-1101
In base 9, what is 5767 - -5?
5773
In base 11, what is 5 + -18?
-13
In base 15, what is 10 - -19b?
1ab
In base 8, what is -7 + 701?
672
In base 3, what is 0 + 100201120?
100201120
In base 16, what is 1e1 - c?
1d5
In base 11, what is 1 + 2?
3
In base 3, what is -2202 + 0?
-2202
In base 5, what is 10 + -14?
-4
In base 2, what is -100010010010 + -100?
-100010010110
In base 16, what is d + -9b?
-8e
In base 16, what is -75 + -4?
-79
In base 15, what is -67 - 0?
-67
In base 12, what is 1a2 + 0?
1a2
In base 7, what is 4 - 552?
-545
In base 8, what is -2354 + 3?
-2351
In base 10, what is -19 - 3?
-22
In base 10, what is -5 + 155?
150
In base 11, what is 56 + 45?
a0
In base 16, what is -e43 + 4?
-e3f
In base 8, what is 722 - -14?
736
In base 12, what is -1 - -778?
777
In base 14, what is -8 - -6?
-2
In base 4, what is 2130113 - 0?
2130113
In base 6, what is -2422 + -11?
-2433
In base 6, what is -4 + 224?
220
In base 5, what is 1 - 4303?
-4302
In base 8, what is 24600 - 1?
24577
In base 6, what is 14 + 2242?
2300
In base 8, what is 625 + 4?
631
In base 5, what is -1101 + 4?
-1042
In base 2, what is -10110010 + 0?
-10110010
In base 6, what is 5 - 24?
-15
In base 3, what is 2100121 - 11?
2100110
In base 11, what is -524a + -2?
-5251
In base 13, what is -284 + b?
-276
In base 13, what is 3 + -140?
-13a
In base 11, what is 13 + -60?
-48
In base 5, what is 213 - -4?
222
In base 11, what is 495 + -3?
492
In base 2, what is -11 + -111100110?
-111101001
In base 10, what is -8325 - -2?
-8323
In base 3, what is 12010 + -211?
11022
In base 8, what is -454 + 1?
-453
In base 16, what is 7d + 2?
7f
In base 9, what is -1158 - 4?
-1163
In base 6, what is 1 - 23024?
-23023
In base 16, what is -6 - -4?
-2
In base 6, what is -1533 + 0?
-1533
In base 15, what is -2 + ad?
ab
In base 8, what is -1 + 366?
365
In base 13, what is 61 + -1c?
42
In base 11, what is 18 + a7?
114
In base 6, what is 1040 + 11?
1051
In base 5, what is 3 + 11?
14
In base 13, what is -12bb - 3?
-12c1
In base 16, what is 3 + -3bc?
-3b9
In base 2, what is 10011011 - 100?
10010111
In base 15, what is 9 + -4?
5
In base 7, what is 15 - 135?
-120
In base 4, what is 2030 + 2?
2032
In base 2, what is 1010 + 10100100?
10101110
In base 14, what is -3 + 43?
40
In base 11, what is 4 + 376?
37a
In base 12, what is 58 - -149?
1a5
In base 2, what is -1101010111100 - -1?
-1101010111011
In base 14, what is 5 + -131c?
-1317
In base 6, what is -13 + -1341?
-1354
In base 13, what is -4 + -66?
-6a
In base 9, what is 3 + 1323?
1326
In base 12, what is -5 - 56?
-5b
In base 3, what is -11 - 11100?
-11111
In base 5, what is 100122 - 10?
100112
In base 15, what is b1 - 1b?
95
In base 11, what is 265 + -5?
260
In base 7, what is -30 + 10?
-20
In base 11, what is -a1a8 + -5?
-a202
In base 9, what is -15 + -74?
-100
In base 5, what is 20 - -1?
21
In base 10, what is -24 + 5?
-19
In base 13, what is -6 + 9b?
95
In base 15, what is 13 - -6?
19
In base 14, what is -71 + 5?
-6a
In base 9, what is -30 + 22?
-7
In base 2, what is -11 - -1010110?
1010011
In base 7, what is -13 - 0?
-13
In base 10, what is -93 - -5?
-88
In base 2, what is 10 + 0?
10
In base 5, what is 10 + 433?
443
In base 8, what is -2206 + -4?
-2212
In base 14, what is 4 - -1b?
21
In base 14, what is -21 + 3b?
1a
In base 4, what is -311011 + -2?
-311013
In base 9, what is -1 - 102?
-103
In base 9, what is 5 + 21?
26
In base 14, what is 115 + -58?
9b
In base 15, what is 2 + -101?
-ee
In base 9, what is 731 + 1?
732
In base 4, what is 12 + -103?
-31
In base 14, what is -1 + -46?
-47
In base 3, what is -12210 - 122?
-20102
In base 16, what is -1ca - -1?
-1c9
In base 8, what is 23 - 0?
23
In base 7, what is 1 - -3450?
3451
In base 3, what is 11 - 212?
-201
In base 9, what is -20782 + 3?
-20778
In base 15, what is -6 + 5b?
55
In base 13, what is -1c + -25?
-44
In base 7, what is -164 - 4?
-201
In base 13, what is -4 + -96?
-9a
In base 6, what is -14 - -51?
33
In base 13, what is 4a - 4?
46
In base 6, what is -1 + -10000?
-10001
In base 9, what is -16 + -14?
-31
In base 14, what is 8a + -1?
89
In base 8, what is -36453 + 5?
-36446
In base 2, what is 1001111 - -111?
1010110
In base 8, what is 0 - -203?
203
In base 14, what is 0 + 68?
68
In base 15, what is -1 - -29?
28
In base 6, what is 324 - 3?
321
In base 8, what is 0 - 155?
-155
In base 11, what is -10 + 389?
379
In base 12, what is -4416 - 3?
-4419
In base 16, what is -33 - 62?
-95
In base 8, what is -1374 - 3?
-1377
In base 3, what is 22200 + -11?
22112
In base 9, what is -2 - 7655?
-7657
In base 6, what is -12 - 5?
-21
In base 4, what is -131121 - 0?
-131121
In base 16, what is -3 - -43?
40
In base 15, what is 5e - -12b?
18a
In base 15, what is 45c - -3?
460
In base 13, what is -8b - 0?
-8b
In base 16, what is 4 - 4c?
-48
In base 16, what is 13df + 1?
13e0
In base 13, what is 1 - 96?
-95
In base 3, what is -1101 + 1200?
22
In base 15, what is 53 - -8?
5b
In base 3, what is 110 + 110?
220
In base 2, what is 101000000 - 0?
101000000
In base 10, what is 16256 - -5?
16261
In base 5, what is -3341 + -2?
-3343
In base 9, what is -4 - 54?
-58
In base 3, what is 2 - -1120101?
1120110
In base 5, what is -2323 + -1?
-2324
In base 9, what is 2 + -2143?
-2141
In base 5, what is 12441 - 2?
12434
In base 14, what is 838 - -7?
841
In base 12, what is -2576 + 1?
-2575
In base 8, what is -424 - -4?
-420
In base 5, what is 13 + 2?
20
In base 11, what is 3369 - 5?
3364
In base 7, what is 100 - -42?
142
In base 10, what is 412 - 2?
410
In base 9, what is 73 + -12?
61
In base 4, what is -102 - -2331?
2223
In base 12, what is 731 - 9?
724
In base 16, what is -1 - -990?
98f
In base 8, what is -17244 - -2?
-17242
In base 5, what is -3234 - 12?
-3301
In base 3, what is -102 + 20000?
12121
In base 4, what is 3 - 3103?
-3100
In base 13, what is -47 - 32?
-79
In base 15, what is 1b2 - -4?
1b6
In base 15, what is -1 - -6?
5
In base 5, what is -1131 + -10?
-1141
In base 11, what is -335 - -3?
-332
In base 14, what is -37a6 - 4?
-37aa
In base 11, what is 1544 + -8?
1537
In base 5, what is -4340 - -2?
-4333
In base 13, what is 7 + 7?
11
In base 13, what is -26c + -2?
-271
In base 5, what is 102322 + 1?
102323
In base 14, what is 30 - -3?
33
In base 14, what is 247 - -3?
24a
In base 15, what is -2 + 20ac?
20aa
In base 4, what is 102 + 302?
1010
In base 14, what is 3 + -53?
-50
In base 9, what is 645 + -6?
638
In base 11, what is 950 + -3?
948
In base 6, what is -2211 - -10?
-2201
In base 5, what is 12 + -441?
-424
In base 6, what is -3400 - 2?
-3402
In base 8, what is -176 + 21?
-155
In base 11, what is -45a + 5?
-455
In base 7, what is 6460 + 5?
6465
In base 4, what is 220320 + 10?
220330
In base 16, what is 60 + -7?
59
In base 2, what is -100111110 + 1?
-100111101
In base 3, what is -22 + -11200?
-11222
In base 7, what is 30052 + -3?
30046
In base 14, what is -6a86 - 5?
-6a8b
In base 7, what is 133606 - -3?
133612
In base 6, what is 151440 + -2?
151434
In base 8, what is 5 + 7?
14
In base 6, what is -15 - -1332?
1313
In base 10, what is 0 - -260?
260
In base 5, what is 23 + 140?
213
In base 11, what is -4 - -12a2?
1299
In base 14, what is c - -238?
246
In base 8, what is -42 - -20?
-22
In base 9, what is -4 - 105?
-110
In base 16, what is -376 + -5?
-37b
In base 13, what is 0 + c32?
c32
In base 7, what is -2 + -55?
-60
In base 10, what is -2 + 8?
6
In base 3, what is 21011112 - 10?
21011102
In base 2, what is 10101110 + 100100?
11010010
In base 13, what is 4 - -3b?
42
In base 5, what is -30 + -301?
-331
In base 15, what is -1ad - 15?
-1c3
In base 10, what is -5 - 235?
-240
In base 9, what is 2 + -74?
-72
In base 11, what is 4 + -33?
-2a
In base 8, what is -5 + 2?
-3
In base 8, what is -14 + -273?
-307
In base 14, what is 2 + b?
d
In base 3, what is -2112111 + 11?
-2112100
In base 6, what is 1411 + -1?
1410
In base 12, what is 25 + 536?
55b
In base 8, what is 60713 + 2?
60715
In base 14, what is -5a - 2?
-5c
In base 14, what is -d9 + 10?
-c9
In base 9, what is -15 + -30?
-45
In base 11, what is 192 + 4?
196
In base 16, what is 118 - -1f?
137
In base 12, what is -11 + -23?
-34
In base 7, what is -4 - -115?
111
In base 16, what is -9c - 2?
-9e
In base 6, what is 1 + -35?
-34
In base 7, what is 10 - 36?
-